ive of f**4/24 + 33*f**2. Determine a(1).
1
Let p(z) = -3 + 2 - 4*z**3 + 3*z**3 + 3*z + 3*z**2. Let i be (51/17)/(-1 + (-7)/(-4)). Determine p(i).
-5
Let t(o) = 7*o - 9. Let d(i) = 15*i - 19. Let l(g) = -6*d(g) + 13*t(g). Calculate l(9).
6
Let v(r) = -2*r - 4. Let g = 0 - -17. Let a = 12 - g. What is v(a)?
6
Let v(k) = -4 + 4 + 7*k - 2*k**2 - 5. Let p(n) = 2*n**3 + 4*n**2 - 3*n - 2. Let l be p(-2). What is v(l)?
-9
Let i(y) = -y**3 - 6*y**2 - 5*y + 4. Let c(g) = -g**3 - 23*g**2 - g - 27. Let o be c(-23). What is i(o)?
-8
Let g(n) be the third derivative of -n**2 + 0 + 0*n - 1/12*n**4 + 0*n**3 - 1/720*n**6 + 1/24*n**5. Let i(z) be the second derivative of g(z). What is i(0)?
5
Let w(q) = -4*q**2 + 8*q. Let k = 5 + -8. Let m(a) = 7*a**2 - 15*a. Let j(s) = k*m(s) - 5*w(s). What is j(5)?
0
Let d be 1/(-5*2/(-70)). Let y(t) = -t**3 + 7*t**2 + t. Calculate y(d).
7
Let o = 2 - 2. Suppose 2*k + o*k = 6. Let m(z) be the third derivative of z**4/12 - z**3/3 + z**2. Calculate m(k).
4
Let x(p) = 5*p**3 - p**2 + 1. Let v be x(1). Let w(g) = -5 + 4*g**2 - 3*g**3 + v*g - 4*g**3 + 6*g**3. Let c be ((-5)/3 + 2)*15. Calculate w(c).
-5
Let f = 18 - 13. Let m(g) = 1 - 4 - g + 4*g**2 - f*g**2. Calculate m(-3).
-9
Let n(t) = -2*t + 4*t - 3508 + 3514. Let f(z) = -3*z - 1. Suppose 0 = 2*j + 3*j + 2*m - 7, j + 2*m = 3. Let c be f(j). Calculate n(c).
-2
Let l(a) = -a + 1. Let r(y) = -5*y + 8. Let g(i) = i**3 + 10*i**2 + 8*i - 5. Let j = 3 + -12. Let v be g(j). Let n(t) = v*l(t) - r(t). Determine n(3).
-1
Let y(g) = -g**3 - 4*g - 11*g**2 - 3 + 0*g + 8*g**2. Give y(-3).
9
Suppose -2*x + 1 + 3 = 0. Let n be 4/(-10) - (-22)/5. Let o(g) = -g - n - x + 8. What is o(3)?
-1
Let k(g) = g + 3. Let f(b) = -3*b**3 + 20*b - 6. Let y(i) = -i**3 + 7*i - 2. Let n(r) = -6*f(r) + 17*y(r). Let t be n(-2). Give k(t).
-1
Let i(r) = -r - 5. Let w(m) = m**3 - 9*m**2 - 11*m + 10. Let k be w(10). Give i(k).
-5
Let u(g) = -g**2 - g. Let h = -13 + 9. Suppose 2*c - c = -3. Let m = h - c. Determine u(m).
0
Suppose -4*i - 9 = -3*n, 4*i = -i. Suppose -1 = -3*a + z, 0 = -2*a - n*z - 0*z + 8. Let o(g) = -7*g**3 + g**2. Calculate o(a).
-6
Let k(m) be the third derivative of 1/8*m**4 - 5/6*m**3 + 0 + 1/12*m**5 - 2*m**2 + 0*m + 1/120*m**6. Let p(o) = o - 3. Let x be p(-1). What is k(x)?
-1
Suppose -2 = u - 5. Suppose -u*y + 0 - 9 = 0. Let m(n) = -4*n + 2 + 6*n - n. Calculate m(y).
-1
Let u(x) = -6*x - 4 + 0*x + 3 + 5*x. Determine u(6).
-7
Let d(b) = -b**2 - 2*b + 1. Suppose -4*u = -5 + 1. Let w be (4/12)/(u/(-9)). Give d(w).
-2
Let b(h) = 2 + 0*h + h**3 - 4*h + 3*h**2 - 4 + 0*h**2. Calculate b(-3).
10
Let x(s) = 2*s - 7*s + 6*s. What is x(6)?
6
Let p(g) = g**3 + 6*g**2 + 5*g - 6. Suppose -4 = -f - 5*t - 3, 4*f - 4*t - 52 = 0. Let h = 6 - f. Calculate p(h).
-6
Let l(k) = -3*k + 9. Let a(w) = -4*w + 10. Let f(y) = 2*a(y) - 3*l(y). What is f(-8)?
-15
Let s be 3 + 56/(-4) + 1. Let a be (-56)/(-9) + s/45. Let n(u) = u - 8. Calculate n(a).
-2
Let r(y) = -5*y**3 + 5*y**2 + 17. Let a(d) = -4*d**3 - 8 - d**3 - 2*d**2 + 7*d**3. Let v(h) = -7*a(h) - 3*r(h). What is v(0)?
5
Let c(d) = d**2 + 2*d - 1. Let x be 5/20 + 27/(-12). Calculate c(x).
-1
Let l(t) = -t + 9. Let w be l(7). Let b(s) = -s**3 + s**2 - 2*s. Determine b(w).
-8
Let n(o) = o**3 - 4*o**2 + 3*o + 3. Suppose -4*u - 30 = -5*y, 2*u - 5*u = 5*y + 5. Suppose -6 = -2*z - 2*k, 3*z - y*k = 2*k + 9. Determine n(z).
3
Let t = 70 - 68. Let p(m) be the first derivative of 3 + 0*m - 1/3*m**3 - 2*m**t. What is p(-4)?
0
Let u(d) = 3*d + 2. Let f = -3 + 7. Suppose c + c - f = 0. Suppose c*n = 3*n + 2. Calculate u(n).
-4
Let s(v) = -v**3 + 4*v**2 + 7*v - 6. Suppose 4*q - 7 = -3*f, q - 8 = 3*f + 5. What is s(q)?
22
Let d(o) = 2 + 7*o - 2. Let n(w) = w**3 - 5*w**2 - 6*w + 1. Let m be 3 + (-6)/(-2) + 0. Let f be n(m). Calculate d(f).
7
Let u(a) = a**3 + 0*a**3 + 5*a**2 + 0*a**2 - 5 + 4*a. Give u(-4).
-5
Let t(p) = -p**2 + 3*p + 7. Let q be (15/2 + 0)*300/375. Determine t(q).
-11
Let f = -2 - -3. Let h(m) be the first derivative of 1/3*m**3 - m**4 + 2 + 0*m + 0*m**2. Calculate h(f).
-3
Let f(h) be the third derivative of h**6/120 - h**5/10 - h**4/24 + 4*h**3/3 - 9*h**2. Give f(6).
2
Let j(h) = 0*h + 7*h - 12*h - h**2 - 2. Give j(-2).
4
Let w(z) be the third derivative of -z**7/420 + z**6/90 - z**5/30 + z**4/8 - 3*z**3/2 + 9*z**2. Let m(j) be the first derivative of w(j). Determine m(2).
-5
Let d(z) be the second derivative of -1/2*z**2 + 0 - 1/6*z**3 + 0*z**4 - 7/10*z**5 - 4*z. Calculate d(-1).
14
Let p(u) = 11*u**2 + 8*u**2 + 8*u + 6 - 18*u**2. Give p(-6).
-6
Let x(i) = i + 1. Let v(a) = -14*a - 6. Let j(t) = v(t) + 12*x(t). What is j(5)?
-4
Let u(f) be the first derivative of 4*f**3/3 + f**2/2 - f - 3. Calculate u(1).
4
Let q(w) = w**2 + 7*w + 2. Let k be 196/(-8) + (-2)/(-4). Let v = k + 18. Give q(v).
-4
Let i(p) = p + 1. Let g be (-2)/(2 - 8/3). Suppose -g*s + 1 = -2. Calculate i(s).
2
Let w(x) = x - 3 - 3 - 3. Let g(h) = 1. Let n(o) = -3*g(o) - w(o). What is n(4)?
2
Suppose -29 = -3*m - 5. Suppose 0 = -2*l - m + 4, 0 = -4*q + l - 2. Let i(j) = -17*j - 1. Calculate i(q).
16
Let q(s) = -2*s**2 - 2*s + 1. Let i(n) = -n**2 + 1. Let v(x) = 3*i(x) - q(x). Suppose -4*c - 3 + 19 = 0. Calculate v(c).
-6
Let x(m) = 0 + 7*m - 8*m - 8*m - 1. Suppose -5 = 2*w + 3*w. Determine x(w).
8
Let h(o) = o - 6*o + 4 - 2*o**2 + 4*o**2 - o**2. Let c = 5 - 1. What is h(c)?
0
Let z = 8 + -13. Let v = z - -10. Let n(d) = d. What is n(v)?
5
Let o(s) be the third derivative of s**6/120 - s**5/12 + s**4/24 - s**3/6 - s**2. Let x = -69 - -74. Determine o(x).
4
Suppose 0 = 3*c - 10 - 2. Suppose c = -g + 5*v, 3*g - v + 6*v = 8. Let o(k) = 6*k + 1 - 3*k - g. Determine o(-1).
-3
Let k be (-6)/(-3) + -2 - 5. Let w(g) be the first derivative of g**3/3 + 2*g**2 + 4*g + 36. What is w(k)?
9
Let g(l) = l - 1. Let s = 0 + -2. Let z be (4/(-8))/(s/4). Determine g(z).
0
Let z(i) = -i**2 - 8*i - 3. Let s(u) = 3*u**3 + 4*u**2. Let n be s(-2). Determine z(n).
-3
Let c(v) be the first derivative of -1 - 5/2*v**2 + 2*v. Suppose 5*z = 25, -30 = s - 6*s - 4*z. What is c(s)?
-8
Let r(a) = a + 11. Let l be r(-8). Suppose -4*k = -l*k + 6. Let z = -4 - k. Let c(i) = i**3 - i**2 + 1. Give c(z).
5
Let c(q) = -5*q + 20. Let g(u) = -u + 4. Suppose -d - 3*k = -10, 5*d - 6 = 2*d - 3*k. Let w(z) = d*c(z) + 11*g(z). Calculate w(3).
1
Suppose -5*a - 3*d = -37, -2*a - 4*d + 14 + 12 = 0. Let q be 4 + 2/(-1)*a. Let z(m) = m**2 + 5*m. Give z(q).
6
Let s(c) = -c. Suppose -n + 1 = -2, 16 = w + 4*n. Determine s(w).
-4
Let b(i) be the first derivative of -1 - 1/4*i**4 + 3*i - i**2 + 4/3*i**3. Let h be 9/(-2)*(-4)/6. Give b(h).
6
Let l = -59 - -50. Let i(c) = -c**3 - 8*c**2 + 11*c + 13. Give i(l).
-5
Let w(q) = -q**2 + 5*q - 2. Let s be 18/8*56/21. Give w(s).
-8
Let a(q) = -2*q**3 + 2*q - 6 - q**2 + 1 + 4 + q**3. Give a(-2).
-1
Let j = 36 - 30. Let z(m) = m**2 - 7*m + 7. Give z(j).
1
Let k be (-2 - -4)*(-10)/5. Let g(f) = f**2 + 2*f + 5. Calculate g(k).
13
Let h(k) = -3*k**3 - k - 1. Let q be h(-1). Let c(o) = 3*o**2 - o - 2*o**3 - 2*o**3 + 3 + 3*o**q + 0. Let u be (9/15)/(1/5). Calculate c(u).
0
Let z = 15 + -13. Let m(s) = -3*s + 2. Determine m(z).
-4
Suppose -5*n + 3*r = -15, 6 = -3*n + 5*n + r. Let w(s) = -7*s**2 + n - 4 - s**3 - s + 3*s**2. Let b be ((-23)/(-46))/((-1 - -3)/(-12)). Calculate w(b).
-7
Let x be 1 + -3*2 + 0. Let o(q) be the first derivative of q**4/4 + 5*q**3/3 - q + 39. Determine o(x).
-1
Let w be 7/3 + (-2)/6. Let g(b) = -w*b - 2*b - 3*b + b. What is g(1)?
-6
Let v(y) = -3*y + 4. Let h(x) = x - 1. Let z(u) = 5*h(u) + v(u). Determine z(3).
5
Let z be (-15)/(-4) + 1/4. Let h(f) = -2 + 5 + f - 3. Give h(z).
4
Let s(z) = -3*z + 2. Suppose 0 = v - 5*v - 8. Give s(v).
8
Let t(g) = -2*g + 2*g + 2 + 0*g - g. Calculate t(-3).
5
Suppose 4*l - 87 - 193 = 0. Let f be l/(-12) - (-1)/(-6). Let o(v) = -v**3 - 6*v**2 + 2*v + 9. Give o(f).
-3
Suppose -4*h + 3 = -13. Suppose 3*s - 2 = 5*s + h*n, 0 = 3*s + 5*n + 3. Let a(z) = 6*z - 1. Give a(s).
-7
Let v be 3*((-8)/(-4))/(-2). Let h(i) be the second derivative of -1/3*i**3 - 1/12*i**4 - i + 3/2*i**2 + 0. Calculate h(v).
0
Let a(m) be the second derivative of 5*m**4/12 - m**2/2 - m. Suppose 0 = 3*p - 0*p - 9. Let g be 2/(p/3) - 3. Calculate a(g).
4
Let b(w) be the first derivative of